{"id":16231,"date":"2025-04-21T09:01:22","date_gmt":"2025-04-21T09:01:22","guid":{"rendered":"https:\/\/www.jednozycie.cfolks.pl\/?page_id=16231"},"modified":"2025-04-21T09:21:41","modified_gmt":"2025-04-21T09:21:41","slug":"sprawozdania","status":"publish","type":"page","link":"https:\/\/www.jednozycie.com.pl\/index.php\/sprawozdania\/","title":{"rendered":"Sprawozdania"},"content":{"rendered":"\t\t<div data-elementor-type=\"wp-page\" data-elementor-id=\"16231\" class=\"elementor elementor-16231\">\n\t\t\t\t<div class=\"elementor-element elementor-element-77b96ec e-flex e-con-boxed e-con e-parent\" data-id=\"77b96ec\" data-element_type=\"container\">\n\t\t\t\t\t<div class=\"e-con-inner\">\n\t\t\t\t<div class=\"elementor-element elementor-element-869a288 elementor-widget elementor-widget-text-editor\" data-id=\"869a288\" data-element_type=\"widget\" data-widget_type=\"text-editor.default\">\n\t\t\t\t<div class=\"elementor-widget-container\">\n\t\t\t\t\t\t\t\t\t <table style=\"margin-top:10;margin-bottom:10; border:1px solid #B8C13C\" cellpadding=\"0\" cellspacing=\"0\" width=\"840\" align=\"center\">\n              <tr>\n                <td width=\"838\" class=\"tx1\" height=\"25\" bgcolor=\"#B8C13C\" align=\"center\">\n                <b>ROK 2023<\/b><\/td>\n                <\/tr>\n              <tr>\n                <td width=\"838\" class=\"tx1\" valign=\"middle\" height=\"25\" style=\"text-indent:10px\">\n                <a href=\"http:\/\/www.jednozycie.com.pl\/rozliczenia\/Rachunek_wynikow_Stowarzyszenia_2023.pdf\">\n                <font color=\"#0277D7\">Rachunek wynik\u00f3w stowarzyszenia 2023<\/font><\/a><\/td>\n              <\/tr>\n              <tr>\n                <td width=\"838\" class=\"tx1\" valign=\"middle\" height=\"25\" style=\"text-indent:10px\">\n                <a href=\"http:\/\/www.jednozycie.com.pl\/rozliczenia\/Informacja_dodatkowa_Stowarzyszenia_2023.pdf\">\n                <font color=\"#0277D7\">Informacje dodatkowa Stowarzyszenia 2023<\/font><\/a><\/td>\n                <\/tr>\n              <tr>\n                <td width=\"838\" class=\"tx1\" valign=\"middle\" height=\"25\" style=\"text-indent:10px\">\n                <a href=\"http:\/\/www.jednozycie.com.pl\/rozliczenia\/Bilans_Stowarzyszenia_2023.pdf\">\n                <font color=\"#0277D7\">Bilans Stowarzyszenia 2023<\/font><\/a><\/td>\n                <\/tr>\n            <\/table><BR>\n\n                <table style=\"margin-top:10;margin-bottom:10; border:1px solid #B8C13C\" cellpadding=\"0\" cellspacing=\"0\" width=\"840\" align=\"center\">\n              <tr>\n                <td width=\"838\" class=\"tx1\" height=\"25\" bgcolor=\"#B8C13C\" align=\"center\">\n                <b>ROK 2022<\/b><\/td>\n                <\/tr>\n              <tr>\n                <td width=\"838\" class=\"tx1\" valign=\"middle\" height=\"25\" style=\"text-indent:10px\">\n                <a href=\"http:\/\/www.jednozycie.com.pl\/rozliczenia\/Rachunek_wynikow_Stowarzyszenia_2022.pdf\">\n                <font color=\"#0277D7\">Rachunek wynik\u00f3w stowarzyszenia 2022<\/font><\/a><\/td>\n              <\/tr>\n              <tr>\n                <td width=\"838\" class=\"tx1\" valign=\"middle\" height=\"25\" style=\"text-indent:10px\">\n                <a href=\"http:\/\/www.jednozycie.com.pl\/rozliczenia\/Informacja_dodatkowa_Stowarzyszenia_2022.pdf\">\n                <font color=\"#0277D7\">Informacje dodatkowa Stowarzyszenia 2022<\/font><\/a><\/td>\n                <\/tr>\n              <tr>\n                <td width=\"838\" class=\"tx1\" valign=\"middle\" height=\"25\" style=\"text-indent:10px\">\n                <a href=\"http:\/\/www.jednozycie.com.pl\/rozliczenia\/Bilans_Stowarzyszenia_2022.pdf\">\n                <font color=\"#0277D7\">Bilans Stowarzyszenia 2022<\/font><\/a><\/td>\n                <\/tr>\n            <\/table><BR>\n                \n                <table style=\"margin-top:10;margin-bottom:10; border:1px solid #B8C13C\" cellpadding=\"0\" cellspacing=\"0\" width=\"840\" align=\"center\">\n              <tr>\n                <td width=\"838\" class=\"tx1\" height=\"25\" bgcolor=\"#B8C13C\" align=\"center\">\n                <b>ROK 2021<\/b><\/td>\n                <\/tr>\n              <tr>\n                <td width=\"838\" class=\"tx1\" valign=\"middle\" height=\"25\" style=\"text-indent:10px\">\n                <a href=\"http:\/\/www.jednozycie.com.pl\/rozliczenia\/Rachunek_wynikow_Stowarzyszenia_2021.pdf\">\n                <font color=\"#0277D7\">Rachunek wynik\u00f3w stowarzyszenia 2021<\/font><\/a><\/td>\n              <\/tr>\n              <tr>\n                <td width=\"838\" class=\"tx1\" valign=\"middle\" height=\"25\" style=\"text-indent:10px\">\n                <a href=\"http:\/\/www.jednozycie.com.pl\/rozliczenia\/Informacja_dodatkowa_Stowarzyszenia_2021.pdf\">\n                <font color=\"#0277D7\">Informacje dodatkowa Stowarzyszenia 2021<\/font><\/a><\/td>\n                <\/tr>\n              <tr>\n                <td width=\"838\" class=\"tx1\" valign=\"middle\" height=\"25\" style=\"text-indent:10px\">\n                <a href=\"http:\/\/www.jednozycie.com.pl\/rozliczenia\/Bilans_Stowarzyszenia_2021.pdf\">\n                <font color=\"#0277D7\">Bilans Stowarzyszenia 2021<\/font><\/a><\/td>\n                <\/tr>\n            <\/table><BR>\n                \n                <table style=\"margin-top:10;margin-bottom:10; border:1px solid #B8C13C\" cellpadding=\"0\" cellspacing=\"0\" width=\"840\" align=\"center\">\n              <tr>\n                <td width=\"838\" class=\"tx1\" height=\"25\" bgcolor=\"#B8C13C\" align=\"center\">\n                <b>ROK 2020<\/b><\/td>\n                <\/tr>\n              <tr>\n                <td width=\"838\" class=\"tx1\" valign=\"middle\" height=\"25\" style=\"text-indent:10px\">\n                <a href=\"http:\/\/www.jednozycie.com.pl\/rozliczenia\/Rachunek_wynikow_Stowarzyszenia_2020.pdf\">\n                <font color=\"#0277D7\">Rachunek wynik\u00f3w stowarzyszenia 2020<\/font><\/a><\/td>\n              <\/tr>\n              <tr>\n                <td width=\"838\" class=\"tx1\" valign=\"middle\" height=\"25\" style=\"text-indent:10px\">\n                <a href=\"http:\/\/www.jednozycie.com.pl\/rozliczenia\/Informacja_dodatkowa_Stowarzyszenia_2020.pdf\">\n                <font color=\"#0277D7\">Informacje dodatkowa Stowarzyszenia 2020<\/font><\/a><\/td>\n                <\/tr>\n              <tr>\n                <td width=\"838\" class=\"tx1\" valign=\"middle\" height=\"25\" style=\"text-indent:10px\">\n                <a href=\"http:\/\/www.jednozycie.com.pl\/rozliczenia\/Bilans_Stowarzyszenia_2020.pdf\">\n                <font color=\"#0277D7\">Bilans Stowarzyszenia 2020<\/font><\/a><\/td>\n                <\/tr>\n            <\/table><BR>\n                \n                <table style=\"margin-top:10;margin-bottom:10; border:1px solid #B8C13C\" cellpadding=\"0\" cellspacing=\"0\" width=\"840\" align=\"center\">\n              <tr>\n                <td width=\"838\" class=\"tx1\" height=\"25\" bgcolor=\"#B8C13C\" align=\"center\">\n                <b>ROK 2019<\/b><\/td>\n                <\/tr>\n              <tr>\n                <td width=\"838\" class=\"tx1\" valign=\"middle\" height=\"25\" style=\"text-indent:10px\">\n                <a href=\"http:\/\/www.jednozycie.com.pl\/rozliczenia\/Rachunek_wynikow_Stowarzyszenia_2019.pdf\">\n                <font color=\"#0277D7\">Rachunek wynik\u00f3w stowarzyszenia 2019<\/font><\/a><\/td>\n              <\/tr>\n              <tr>\n                <td width=\"838\" class=\"tx1\" valign=\"middle\" height=\"25\" style=\"text-indent:10px\">\n                <a href=\"http:\/\/www.jednozycie.com.pl\/rozliczenia\/Informacja_dodatkowa_Stowarzyszenia_2019.pdf\">\n                <font color=\"#0277D7\">Informacje dodatkowa Stowarzyszenia 2019<\/font><\/a><\/td>\n                <\/tr>\n              <tr>\n                <td width=\"838\" class=\"tx1\" valign=\"middle\" height=\"25\" style=\"text-indent:10px\">\n                <a href=\"http:\/\/www.jednozycie.com.pl\/rozliczenia\/Bilans_Stowarzyszenia_2019.pdf\">\n                <font color=\"#0277D7\">Bilans Stowarzyszenia 2019<\/font><\/a><\/td>\n                <\/tr>\n            <\/table><BR>\n                \n                <table style=\"margin-top:10;margin-bottom:10; border:1px solid #B8C13C\" cellpadding=\"0\" cellspacing=\"0\" width=\"840\" align=\"center\">\n              <tr>\n                <td width=\"838\" class=\"tx1\" height=\"25\" bgcolor=\"#B8C13C\" align=\"center\">\n                <b>ROK 2018<\/b><\/td>\n                <\/tr>\n              <tr>\n                <td width=\"838\" class=\"tx1\" valign=\"middle\" height=\"25\" style=\"text-indent:10px\">\n                <a href=\"http:\/\/www.jednozycie.com.pl\/rozliczenia\/Rachunek_wynikow_Stowarzyszenia_2018.pdf\">\n                <font color=\"#0277D7\">Rachunek wynik\u00f3w stowarzyszenia 2018<\/font><\/a><\/td>\n              <\/tr>\n              <tr>\n                <td width=\"838\" class=\"tx1\" valign=\"middle\" height=\"25\" style=\"text-indent:10px\">\n                <a href=\"http:\/\/www.jednozycie.com.pl\/rozliczenia\/Informacja_dodatkowa_Stowarzyszenia_2018.pdf\">\n                <font color=\"#0277D7\">Informacje dodatkowa Stowarzyszenia 2018<\/font><\/a><\/td>\n                <\/tr>\n              <tr>\n                <td width=\"838\" class=\"tx1\" valign=\"middle\" height=\"25\" style=\"text-indent:10px\">\n                <a href=\"http:\/\/www.jednozycie.com.pl\/rozliczenia\/Bilans_Stowarzyszenia_2018.pdf\">\n                <font color=\"#0277D7\">Bilans Stowarzyszenia 2018<\/font><\/a><\/td>\n                <\/tr>\n            <\/table><BR>\n<table style=\"margin-top:10;margin-bottom:10; border:1px solid #B8C13C\" cellpadding=\"0\" cellspacing=\"0\" width=\"840\" align=\"center\">\n              <tr>\n                <td width=\"838\" class=\"tx1\" height=\"25\" bgcolor=\"#B8C13C\" align=\"center\">\n                <b>ROK 2017<\/b><\/td>\n                <\/tr>\n              <tr>\n                <td width=\"838\" class=\"tx1\" valign=\"middle\" height=\"25\" style=\"text-indent:10px\">\n                <a href=\"http:\/\/www.jednozycie.com.pl\/rozliczenia\/Rachunek_wynikow_Stowarzyszenia_2017.pdf\">\n                <font color=\"#0277D7\">Rachunek wynik\u00f3w stowarzyszenia 2017<\/font><\/a><\/td>\n              <\/tr>\n              <tr>\n                <td width=\"838\" class=\"tx1\" valign=\"middle\" height=\"25\" style=\"text-indent:10px\">\n                <a href=\"http:\/\/www.jednozycie.com.pl\/rozliczenia\/Informacja_dodatkowa_Stowarzyszenia_2017.pdf\">\n                <font color=\"#0277D7\">Informacje dodatkowa Stowarzyszenia 2017<\/font><\/a><\/td>\n                <\/tr>\n              <tr>\n                <td width=\"838\" class=\"tx1\" valign=\"middle\" height=\"25\" style=\"text-indent:10px\">\n                <a href=\"http:\/\/www.jednozycie.com.pl\/rozliczenia\/Bilans_Stowarzyszenia_2017.pdf\">\n                <font color=\"#0277D7\">Bilans Stowarzyszenia 2017<\/font><\/a><\/td>\n                <\/tr>\n            <\/table><BR>\n<table style=\"margin-top:10;margin-bottom:10; border:1px solid #B8C13C\" cellpadding=\"0\" cellspacing=\"0\" width=\"840\" align=\"center\">\n              <tr>\n                <td width=\"838\" class=\"tx1\" height=\"25\" bgcolor=\"#B8C13C\" align=\"center\">\n                <b>ROK 2016<\/b><\/td>\n                <\/tr>\n              <tr>\n                <td width=\"838\" class=\"tx1\" valign=\"middle\" height=\"25\" style=\"text-indent:10px\">\n                <a href=\"http:\/\/www.jednozycie.com.pl\/rozliczenia\/Rachunek_wynikow_Stowarzyszenia_2016.pdf\">\n                <font color=\"#0277D7\">Rachunek wynik\u00f3w stowarzyszenia 2016<\/font><\/a><\/td>\n              <\/tr>\n              <tr>\n                <td width=\"838\" class=\"tx1\" valign=\"middle\" height=\"25\" style=\"text-indent:10px\">\n                <a href=\"http:\/\/www.jednozycie.com.pl\/rozliczenia\/Informacja_dodatkowa_Stowarzyszenia_2016.pdf\">\n                <font color=\"#0277D7\">Informacje dodatkowa Stowarzyszenia 2016<\/font><\/a><\/td>\n                <\/tr>\n              <tr>\n                <td width=\"838\" class=\"tx1\" valign=\"middle\" height=\"25\" style=\"text-indent:10px\">\n                <a href=\"http:\/\/www.jednozycie.com.pl\/rozliczenia\/Bilans_Stowarzyszenia_2016.pdf\">\n                <font color=\"#0277D7\">Bilans Stowarzyszenia 2016<\/font><\/a><\/td>\n                <\/tr>\n            <\/table><BR>\n<table style=\"margin-top:10;margin-bottom:10; border:1px solid #B8C13C\" cellpadding=\"0\" cellspacing=\"0\" width=\"840\" align=\"center\">\n              <tr>\n                <td width=\"838\" class=\"tx1\" height=\"25\" bgcolor=\"#B8C13C\" align=\"center\">\n                <b>ROK 2015<\/b><\/td>\n                <\/tr>\n              <tr>\n                <td width=\"838\" class=\"tx1\" valign=\"middle\" height=\"25\" style=\"text-indent:10px\">\n                <a href=\"http:\/\/www.jednozycie.com.pl\/rozliczenia\/Rachunek_wynikow_Stowarzyszenia_2015.pdf\">\n                <font color=\"#0277D7\">Rachunek wynik\u00f3w stowarzyszenia 2015<\/font><\/a><\/td>\n              <\/tr>\n              <tr>\n                <td width=\"838\" class=\"tx1\" valign=\"middle\" height=\"25\" style=\"text-indent:10px\">\n                <a href=\"http:\/\/www.jednozycie.com.pl\/rozliczenia\/Informacja_dodatkowa_Stowarzyszenia_2015.pdf\">\n                <font color=\"#0277D7\">Informacje dodatkowa Stowarzyszenia 2015<\/font><\/a><\/td>\n                <\/tr>\n              <tr>\n                <td width=\"838\" class=\"tx1\" valign=\"middle\" height=\"25\" style=\"text-indent:10px\">\n                <a href=\"http:\/\/www.jednozycie.com.pl\/rozliczenia\/Bilans_Stowarzyszenia_2015.pdf\">\n                <font color=\"#0277D7\">Bilans Stowarzyszenia 2015<\/font><\/a><\/td>\n                <\/tr>\n            <\/table><BR>\n<table style=\"margin-top:10;margin-bottom:10; border:1px solid #B8C13C\" cellpadding=\"0\" cellspacing=\"0\" width=\"840\" align=\"center\">\n              <tr>\n                <td width=\"838\" class=\"tx1\" height=\"25\" bgcolor=\"#B8C13C\" align=\"center\">\n                <b>ROK 2014<\/b><\/td>\n                <\/tr>\n              <tr>\n                <td width=\"838\" class=\"tx1\" valign=\"middle\" height=\"25\" style=\"text-indent:10px\">\n                <a href=\"http:\/\/www.jednozycie.com.pl\/rozliczenia\/Rachunek_wynikow_Stowarzyszenia_2014.pdf\">\n                <font color=\"#0277D7\">Rachunek wynik\u00f3w stowarzyszenia 2014<\/font><\/a><\/td>\n              <\/tr>\n              <tr>\n                <td width=\"838\" class=\"tx1\" valign=\"middle\" height=\"25\" style=\"text-indent:10px\">\n                <a href=\"http:\/\/www.jednozycie.com.pl\/rozliczenia\/Informacja_dodatkowa_Stowarzyszenia_2014.pdf\">\n                <font color=\"#0277D7\">Informacje dodatkowa Stowarzyszenia 2014<\/font><\/a><\/td>\n                <\/tr>\n              <tr>\n                <td width=\"838\" class=\"tx1\" valign=\"middle\" height=\"25\" style=\"text-indent:10px\">\n                <a href=\"http:\/\/www.jednozycie.com.pl\/rozliczenia\/Bilans_Stowarzyszenia_2014.pdf\">\n                <font color=\"#0277D7\">Bilans Stowarzyszenia 2014<\/font><\/a><\/td>\n                <\/tr>\n            <\/table><BR>\n<table style=\"margin-top:10;margin-bottom:10; border:1px solid #B8C13C\" cellpadding=\"0\" cellspacing=\"0\" width=\"840\" align=\"center\">\n              <tr>\n                <td width=\"838\" class=\"tx1\" height=\"25\" bgcolor=\"#B8C13C\" align=\"center\">\n                <b>ROK 2013<\/b><\/td>\n                <\/tr>\n              <tr>\n                <td width=\"838\" class=\"tx1\" valign=\"middle\" height=\"25\" style=\"text-indent:10px\">\n                <a href=\"http:\/\/www.jednozycie.com.pl\/rozliczenia\/Rachunek_wynikow_Stowarzyszenia_2013.pdf\">\n                <font color=\"#0277D7\">Rachunek wynik\u00f3w stowarzyszenia 2013<\/font><\/a><\/td>\n              <\/tr>\n              <tr>\n                <td width=\"838\" class=\"tx1\" valign=\"middle\" height=\"25\" style=\"text-indent:10px\">\n                <a href=\"http:\/\/www.jednozycie.com.pl\/rozliczenia\/Informacja_dodatkowa_Stowarzyszenia_2013.pdf\">\n                <font color=\"#0277D7\">Informacje dodatkowa Stowarzyszenia 2013<\/font><\/a><\/td>\n                <\/tr>\n              <tr>\n                <td width=\"838\" class=\"tx1\" valign=\"middle\" height=\"25\" style=\"text-indent:10px\">\n                <a href=\"http:\/\/www.jednozycie.com.pl\/rozliczenia\/Bilans_Stowarzyszenia_2013.pdf\">\n                <font color=\"#0277D7\">Bilans Stowarzyszenia 2013<\/font><\/a><\/td>\n                <\/tr>\n            <\/table><BR>\n<table style=\"margin-top:10;margin-bottom:10; border:1px solid #B8C13C\" cellpadding=\"0\" cellspacing=\"0\" width=\"840\" align=\"center\">\n              <tr>\n                <td width=\"838\" class=\"tx1\" height=\"25\" bgcolor=\"#B8C13C\" align=\"center\">\n                <b>ROK 2012<\/b><\/td>\n                <\/tr>\n              <tr>\n                <td width=\"838\" class=\"tx1\" valign=\"middle\" height=\"25\" style=\"text-indent:10px\">\n                <a href=\"http:\/\/www.jednozycie.com.pl\/rozliczenia\/Rachunek_wynikow_Stowarzyszenia_2012.pdf\">\n                <font color=\"#0277D7\">Rachunek wynik\u00f3w stowarzyszenia 2012<\/font><\/a><\/td>\n              <\/tr>\n              <tr>\n                <td width=\"838\" class=\"tx1\" valign=\"middle\" height=\"25\" style=\"text-indent:10px\">\n                <a href=\"http:\/\/www.jednozycie.com.pl\/rozliczenia\/Informacja_dodatkowa_Stowarzyszenia_2012.pdf\">\n                <font color=\"#0277D7\">Informacje dodatkowa Stowarzyszenia 2012<\/font><\/a><\/td>\n                <\/tr>\n              <tr>\n                <td width=\"838\" class=\"tx1\" valign=\"middle\" height=\"25\" style=\"text-indent:10px\">\n                <a href=\"http:\/\/www.jednozycie.com.pl\/rozliczenia\/Bilans_Stowarzyszenia_2012.pdf\">\n                <font color=\"#0277D7\">Bilans Stowarzyszenia 2012<\/font><\/a><\/td>\n                <\/tr>\n            <\/table><BR>\n<table style=\"margin-top:10;margin-bottom:10; border:1px solid #B8C13C\" cellpadding=\"0\" cellspacing=\"0\" width=\"840\" align=\"center\">\n              <tr>\n                <td width=\"838\" class=\"tx1\" height=\"25\" bgcolor=\"#B8C13C\" align=\"center\">\n                <b>ROK 2011<\/b><\/td>\n                <\/tr>\n              <tr>\n                <td width=\"838\" class=\"tx1\" valign=\"middle\" height=\"25\" style=\"text-indent:10px\">\n                <a href=\"http:\/\/www.jednozycie.com.pl\/rozliczenia\/Rachunek_wynikow_Stowarzyszenia_2011.pdf\">\n                <font color=\"#0277D7\">Rachunek wynik\u00f3w stowarzyszenia 2011<\/font><\/a><\/td>\n              <\/tr>\n              <tr>\n                <td width=\"838\" class=\"tx1\" valign=\"middle\" height=\"25\" style=\"text-indent:10px\">\n                <a href=\"http:\/\/www.jednozycie.com.pl\/rozliczenia\/Informacja_dodatkowa_Stowarzyszenia_2011.pdf\">\n                <font color=\"#0277D7\">Informacje dodatkowa Stowarzyszenia 2011<\/font><\/a><\/td>\n                <\/tr>\n              <tr>\n                <td width=\"838\" class=\"tx1\" valign=\"middle\" height=\"25\" style=\"text-indent:10px\">\n                <a href=\"http:\/\/www.jednozycie.com.pl\/rozliczenia\/Bilans_Stowarzyszenia_2011.pdf\">\n                <font color=\"#0277D7\">Bilans Stowarzyszenia 2011<\/font><\/a><\/td>\n                <\/tr>\n            <\/table><BR>\n<table style=\"margin-top:10;margin-bottom:10; border:1px solid #B8C13C\" cellpadding=\"0\" cellspacing=\"0\" width=\"840\" align=\"center\">\n              <tr>\n                <td width=\"838\" class=\"tx1\" height=\"25\" bgcolor=\"#B8C13C\" align=\"center\">\n                <b>ROK 2010<\/b><\/td>\n                <\/tr>\n              <tr>\n                <td width=\"838\" class=\"tx1\" valign=\"middle\" height=\"25\" style=\"text-indent:10px\">\n                <a href=\"http:\/\/www.jednozycie.com.pl\/rozliczenia\/Rachunek_wynikow_Stowarzyszenia_2010.pdf\">\n                <font color=\"#0277D7\">Rachunek wynik\u00f3w stowarzyszenia 2010<\/font><\/a><\/td>\n              <\/tr>\n              <tr>\n                <td width=\"838\" class=\"tx1\" valign=\"middle\" height=\"25\" style=\"text-indent:10px\">\n                <a href=\"http:\/\/www.jednozycie.com.pl\/rozliczenia\/Informacja_dodatkowa_Stowarzyszenia_2010.pdf\">\n                <font color=\"#0277D7\">Informacje dodatkowa Stowarzyszenia 2010<\/font><\/a><\/td>\n                <\/tr>\n              <tr>\n                <td width=\"838\" class=\"tx1\" valign=\"middle\" height=\"25\" style=\"text-indent:10px\">\n                <a href=\"http:\/\/www.jednozycie.com.pl\/rozliczenia\/Bilans_Stowarzyszenia_2010.pdf\">\n                <font color=\"#0277D7\">Bilans Stowarzyszenia 2010<\/font><\/a><\/td>\n                <\/tr>\n            <\/table><BR>            \n<table style=\"margin-top:10;margin-bottom:10; border:1px solid #B8C13C\" cellpadding=\"0\" cellspacing=\"0\" width=\"840\" align=\"center\">\n              <tr>\n                <td width=\"838\" class=\"tx1\" height=\"25\" bgcolor=\"#B8C13C\" align=\"center\">\n                <b>ROK 2009<\/b><\/td>\n                <\/tr>\n              <tr>\n                <td width=\"838\" class=\"tx1\" valign=\"middle\" height=\"25\" style=\"text-indent:10px\">\n                <a href=\"http:\/\/www.jednozycie.com.pl\/rozliczenia\/Rachunek_wynikow_Stowarzyszenia_2009.pdf\">\n                <font color=\"#0277D7\">Rachunek wynik\u00f3w stowarzyszenia 2009<\/font><\/a><\/td>\n              <\/tr>\n              <tr>\n                <td width=\"838\" class=\"tx1\" valign=\"middle\" height=\"25\" style=\"text-indent:10px\">\n                <a href=\"http:\/\/www.jednozycie.com.pl\/rozliczenia\/Informacja_dodatkowa_Stowarzyszenia_2009.pdf\">\n                <font color=\"#0277D7\">Informacje dodatkowa Stowarzyszenia \n                2009<\/font><\/a><\/td>\n                <\/tr>\n              <tr>\n                <td width=\"838\" class=\"tx1\" valign=\"middle\" height=\"25\" style=\"text-indent:10px\">\n                <a href=\"http:\/\/www.jednozycie.com.pl\/rozliczenia\/Bilans_Stowarzyszenia_2009.pdf\">\n                <font color=\"#0277D7\">Bilans Stowarzyszenia 2009<\/font><\/a><\/td>\n                <\/tr>\n            <\/table>\t\t\t\t\t\t\t\t<\/div>\n\t\t\t\t<\/div>\n\t\t\t\t\t<\/div>\n\t\t\t\t<\/div>\n\t\t\t\t<\/div>\n\t\t","protected":false},"excerpt":{"rendered":"<p>ROK 2023 Rachunek wynik\u00f3w stowarzyszenia 2023 Informacje dodatkowa Stowarzyszenia 2023 Bilans Stowarzyszenia 2023 ROK 2022 Rachunek wynik\u00f3w stowarzyszenia 2022 Informacje dodatkowa Stowarzyszenia 2022 Bilans Stowarzyszenia 2022 ROK 2021 Rachunek wynik\u00f3w stowarzyszenia 2021 Informacje dodatkowa Stowarzyszenia 2021 Bilans Stowarzyszenia 2021 ROK 2020 Rachunek wynik\u00f3w stowarzyszenia 2020 Informacje dodatkowa Stowarzyszenia 2020 Bilans Stowarzyszenia 2020 ROK 2019 Rachunek [&hellip;]<\/p>\n","protected":false},"author":1,"featured_media":0,"parent":0,"menu_order":0,"comment_status":"closed","ping_status":"closed","template":"","meta":{"footnotes":""},"class_list":["post-16231","page","type-page","status-publish","hentry"],"_links":{"self":[{"href":"https:\/\/www.jednozycie.com.pl\/index.php\/wp-json\/wp\/v2\/pages\/16231","targetHints":{"allow":["GET"]}}],"collection":[{"href":"https:\/\/www.jednozycie.com.pl\/index.php\/wp-json\/wp\/v2\/pages"}],"about":[{"href":"https:\/\/www.jednozycie.com.pl\/index.php\/wp-json\/wp\/v2\/types\/page"}],"author":[{"embeddable":true,"href":"https:\/\/www.jednozycie.com.pl\/index.php\/wp-json\/wp\/v2\/users\/1"}],"replies":[{"embeddable":true,"href":"https:\/\/www.jednozycie.com.pl\/index.php\/wp-json\/wp\/v2\/comments?post=16231"}],"version-history":[{"count":10,"href":"https:\/\/www.jednozycie.com.pl\/index.php\/wp-json\/wp\/v2\/pages\/16231\/revisions"}],"predecessor-version":[{"id":16285,"href":"https:\/\/www.jednozycie.com.pl\/index.php\/wp-json\/wp\/v2\/pages\/16231\/revisions\/16285"}],"wp:attachment":[{"href":"https:\/\/www.jednozycie.com.pl\/index.php\/wp-json\/wp\/v2\/media?parent=16231"}],"curies":[{"name":"wp","href":"https:\/\/api.w.org\/{rel}","templated":true}]}}