{"id":16246,"date":"2025-04-21T09:02:31","date_gmt":"2025-04-21T09:02:31","guid":{"rendered":"https:\/\/www.jednozycie.cfolks.pl\/?page_id=16246"},"modified":"2025-05-06T12:55:53","modified_gmt":"2025-05-06T12:55:53","slug":"statut","status":"publish","type":"page","link":"https:\/\/www.jednozycie.com.pl\/index.php\/statut\/","title":{"rendered":"Statut"},"content":{"rendered":"\t\t<div data-elementor-type=\"wp-page\" data-elementor-id=\"16246\" class=\"elementor elementor-16246\">\n\t\t\t\t<div class=\"elementor-element elementor-element-5205b96 e-flex e-con-boxed e-con e-parent\" data-id=\"5205b96\" data-element_type=\"container\">\n\t\t\t\t\t<div class=\"e-con-inner\">\n\t\t<div class=\"elementor-element elementor-element-79744e5 e-grid e-con-full e-con e-child\" data-id=\"79744e5\" data-element_type=\"container\">\n\t\t\t\t<div class=\"elementor-element elementor-element-875ffa6 elementor-widget elementor-widget-image\" data-id=\"875ffa6\" data-element_type=\"widget\" data-widget_type=\"image.default\">\n\t\t\t\t<div class=\"elementor-widget-container\">\n\t\t\t\t\t\t\t\t\t\t\t\t\t\t\t\t<a href=\"\/wp-content\/uploads\/2025\/04\/statut.pdf\" target=\"_blank\">\n\t\t\t\t\t\t\t<img decoding=\"async\" width=\"449\" height=\"105\" src=\"https:\/\/www.jednozycie.com.pl\/wp-content\/uploads\/2025\/05\/img_21.jpg\" class=\"attachment-large size-large wp-image-16313\" alt=\"\" srcset=\"https:\/\/www.jednozycie.com.pl\/wp-content\/uploads\/2025\/05\/img_21.jpg 449w, https:\/\/www.jednozycie.com.pl\/wp-content\/uploads\/2025\/05\/img_21-300x70.jpg 300w\" sizes=\"(max-width: 449px) 100vw, 449px\" \/>\t\t\t\t\t\t\t\t<\/a>\n\t\t\t\t\t\t\t\t\t\t\t\t\t\t\t<\/div>\n\t\t\t\t<\/div>\n\t\t\t\t<div class=\"elementor-element elementor-element-cf148b0 elementor-widget elementor-widget-text-editor\" data-id=\"cf148b0\" data-element_type=\"widget\" data-widget_type=\"text-editor.default\">\n\t\t\t\t<div class=\"elementor-widget-container\">\n\t\t\t\t\t\t\t\t\t<p><span style=\"color: #666666;\">Pobierz i otw\u00f3rz nasz status. Je\u017celi masz problemy z otworzeniem pliku to znaczy, \u017ce nie posiadasz programu Adobe Acrobat Reader. Aby go pobra\u0107 nale\u017cy klikn\u0105\u0107 w link :\u00a0<\/span><a href=\"http:\/\/get.adobe.com\/reader\/\"><span style=\"color: #666666;\"><u>pobierz program teraz<\/u><\/span><\/a><\/p>\t\t\t\t\t\t\t\t<\/div>\n\t\t\t\t<\/div>\n\t\t\t\t<\/div>\n\t\t\t\t\t<\/div>\n\t\t\t\t<\/div>\n\t\t\t\t<\/div>\n\t\t","protected":false},"excerpt":{"rendered":"<p>Pobierz i otw\u00f3rz nasz status. Je\u017celi masz problemy z otworzeniem pliku to znaczy, \u017ce nie posiadasz programu Adobe Acrobat Reader. Aby go pobra\u0107 nale\u017cy klikn\u0105\u0107 w link :\u00a0pobierz program teraz<\/p>\n","protected":false},"author":1,"featured_media":0,"parent":0,"menu_order":0,"comment_status":"closed","ping_status":"closed","template":"","meta":{"footnotes":""},"class_list":["post-16246","page","type-page","status-publish","hentry"],"_links":{"self":[{"href":"https:\/\/www.jednozycie.com.pl\/index.php\/wp-json\/wp\/v2\/pages\/16246","targetHints":{"allow":["GET"]}}],"collection":[{"href":"https:\/\/www.jednozycie.com.pl\/index.php\/wp-json\/wp\/v2\/pages"}],"about":[{"href":"https:\/\/www.jednozycie.com.pl\/index.php\/wp-json\/wp\/v2\/types\/page"}],"author":[{"embeddable":true,"href":"https:\/\/www.jednozycie.com.pl\/index.php\/wp-json\/wp\/v2\/users\/1"}],"replies":[{"embeddable":true,"href":"https:\/\/www.jednozycie.com.pl\/index.php\/wp-json\/wp\/v2\/comments?post=16246"}],"version-history":[{"count":16,"href":"https:\/\/www.jednozycie.com.pl\/index.php\/wp-json\/wp\/v2\/pages\/16246\/revisions"}],"predecessor-version":[{"id":16316,"href":"https:\/\/www.jednozycie.com.pl\/index.php\/wp-json\/wp\/v2\/pages\/16246\/revisions\/16316"}],"wp:attachment":[{"href":"https:\/\/www.jednozycie.com.pl\/index.php\/wp-json\/wp\/v2\/media?parent=16246"}],"curies":[{"name":"wp","href":"https:\/\/api.w.org\/{rel}","templated":true}]}}